+ 1624979. Determine w(-1095).
-1
Let b(q) = q**3 + 108*q**2 + 493*q - 295. Give b(-103).
1971
Let r(u) = 458*u**2 + 9190*u + 604. Give r(-20).
4
Let p(v) = 2*v**2 - 23696*v - 142273. What is p(-6)?
-25
Let t(k) = k**2 - 62*k + 341. What is t(6)?
5
Let i(k) = -k**3 - 612*k**2 - 5413*k + 108. What is i(-9)?
-18
Let f(a) = 111901*a + 12532914. Give f(-112).
2
Let g(o) = o**3 + 143*o**2 + 312*o + 4214. What is g(-141)?
-16
Let u(a) = 132109*a + 396319. Give u(-3).
-8
Let n(q) = q**3 - 43*q**2 + 92*q - 4001. Determine n(43).
-45
Let y(i) = -28*i**2 - 863*i - 3503. Calculate y(-26).
7
Let g(n) = 3*n**3 - 2*n**2 - 378*n + 765. Determine g(2).
25
Let d(f) = -14*f**2 + 6512*f - 58370. What is d(456)?
-2
Let l(x) = 5*x**2 + 1459*x + 14486. Calculate l(-10).
396
Let n(m) = -24*m**2 - 1785*m + 2548. Calculate n(-76).
-416
Let a(v) = v**2 - 431*v + 6529. Calculate a(15).
289
Let j(t) = -29*t**2 - 241*t - 474. Give j(-5).
6
Let h(n) = 799*n**2 + 3954*n - 197. Give h(-5).
8
Let t(d) = -d**3 - 19*d**2 + 18*d + 97. Determine t(-15).
-1073
Let z(g) = 9464*g - 104098. Calculate z(11).
6
Let i(n) = 532*n**3 - 33*n**2 - 50*n - 17. Give i(-1).
-532
Let u(a) = 5*a**3 - 6*a**2 - 231*a - 2221. Calculate u(-9).
-4273
Let y(f) = 6502*f + 5689250. Give y(-875).
0
Let d(x) = -x**3 - 808*x**2 - 2090*x + 905314. Determine d(-804).
10
Let v(d) = -5*d**2 - 41*d + 364. What is v(7)?
-168
Let i(c) = -c**3 - 2*c**2 + 6598*c + 26369. Calculate i(-4).
9
Let m(c) = -301309*c + 7532724. What is m(25)?
-1
Let o(x) = 13093*x - 78507. Give o(6).
51
Let p(w) = 301*w**2 - 2*w - 4. Determine p(-1).
299
Let o(n) = -2*n**3 - 536*n**2 + 15204*n + 2187. Calculate o(26).
3
Let z(s) = 15709*s - 1319545. Calculate z(84).
11
Let j(f) = -f**3 + 2*f**2 + 52*f - 227. What is j(6)?
-59
Let s(g) = 551*g**2 - 7743*g + 394. What is s(14)?
-12
Let r(z) = -261*z + 10374. Give r(39).
195
Let s(f) = -3*f**3 - 24*f**2 - 291*f - 2324. Give s(-8).
4
Let f(p) = p**3 + 18*p**2 - 243*p + 63. Determine f(13).
2143
Let d(h) = 7*h**2 - 320*h + 59. Calculate d(47).
482
Let o(t) = t**2 - 81287*t + 2681403. Determine o(33).
21
Let t(o) = 5*o**3 + 358*o**2 + 1811*o + 9. Determine t(-5).
-721
Let m(v) = v**2 - 31*v - 1113830. Calculate m(-1040).
10
Let q(u) = -u**2 - 462*u - 44723. Give q(-134).
-771
Let w(s) = 11*s**3 + 78*s**2 + 192*s + 1294. Calculate w(-7).
-1
Let v(c) = -2*c**3 + 8*c**2 - 265*c - 1352. Determine v(-5).
423
Let n(k) = k**3 + 131*k**2 + 133*k + 647. Calculate n(-130).
257
Let h(t) = 7*t**2 + 440*t + 5461. Give h(-17).
4
Let k(o) = o**3 - 287*o**2 + 7926*o + 2601. Determine k(256).
41
Let p(d) = 547346*d + 4378767. Determine p(-8).
-1
Let d(k) = 192*k - 47849. Calculate d(249).
-41
Let u(w) = 2*w**2 + 2136*w + 147122. Determine u(-74).
10
Let f(m) = 79*m**3 + 2597*m**2 - 322*m + 42. What is f(-33)?
-222
Let j(s) = -2*s**2 - 1038*s + 19035. Determine j(18).
-297
Let o(q) = q**3 - 71*q**2 - 367*q - 104. Determine o(-6).
-674
Let s(a) = -87*a + 23949. Give s(268).
633
Let w(n) = 17*n**3 - 91*n**2 + 295*n + 13. Calculate w(4).
825
Let b(r) = 8*r**2 + 2723*r + 14200. Calculate b(-335).
-205
Let r(o) = -22*o + 706. Give r(38).
-130
Let l(y) = -7900*y + 703102. Give l(89).
2
Let a(v) = v**2 - 2098*v - 57357. Determine a(-27).
18
Let b(v) = -6*v**3 - 25*v**2 - 1052*v - 4194. Determine b(-4).
-2
Let f(d) = 1562*d - 123390. Calculate f(79).
8
Let a(o) = -o**3 + 33*o**2 - 164*o + 287. Give a(20).
2207
Let v(d) = d**2 - 229*d + 13083. Calculate v(115).
-27
Let u(c) = 165*c - 98. What is u(-6)?
-1088
Let o(k) = k**3 - 14*k**2 + 76*k - 816. Give o(13).
3
Let l(u) = -u**3 + 34*u**2 - 432*u + 6544. Give l(27).
-17
Let v(o) = -783*o + 23465. Calculate v(30).
-25
Let g(m) = 1043*m + 23974. Calculate g(-23).
-15
Let l(f) = 208*f**3 + 3329*f**2 - 8*f - 362. Determine l(-16).
22
Let t(s) = s**3 - 209*s**2 - 630*s - 248. Give t(212).
1024
Let i(l) = l**3 + 59*l**2 - 102*l - 5453. Calculate i(-60).
-2933
Let r(j) = -j**2 - 270*j - 10197. Calculate r(-49).
632
Let i(l) = 2*l**3 + 34*l**2 - 1499*l + 6. Give i(-37).
709
Let u(c) = -4*c**3 - 60*c**2 - 37*c - 347. Determine u(-15).
208
Let i(f) = -2*f**2 + 318*f + 1479. Calculate i(167).
-1193
Let d(h) = h**3 - 94*h**2 - 185*h + 56095. Give d(89).
25
Let f(n) = n**3 + 15*n**2 + 68*n + 788. Determine f(-10).
608
Let u(o) = 353*o + 2697. Give u(-11).
-1186
Let p(n) = 20002*n + 900092. What is p(-45)?
2
Let y(i) = -i**3 - 136*i**2 - 2459*i - 4495. Calculate y(-19).
-11
Let u(f) = 1173809*f + 2347616. Give u(-2).
-2
Let f(m) = -m**2 - 1742*m - 159914. What is f(-98)?
1198
Let a(x) = -3*x**2 - 456*x - 8519. Give a(-22).
61
Let n(f) = -102*f + 11130. Determine n(108).
114
Let g(x) = -x**3 - 346*x**2 - 297*x + 16533. Give g(-345).
-27
Let k(j) = 2*j**3 - 150*j**2 + 631*j - 517. What is k(71)?
3956
Let c(t) = 2696*t + 673989. What is c(-250)?
-11
Let u(p) = 3658564*p - 47561332. Determine u(13).
0
Let f(s) = -3*s**2 - 21862*s + 65548. Determine f(3).
-65
Let f(p) = 4*p**3 + 118*p**2 - 8860*p - 252789. Calculate f(-28).
-5
Let j(o) = 118*o + 20986. Calculate j(-178).
-18
Let g(o) = -16*o**3 + 2*o**2 - 64*o + 178. Determine g(3).
-428
Let c(h) = -10602*h - 31855. Give c(-3).
-49
Let q(p) = -15664*p - 42757. Calculate q(-3).
4235
Let f(z) = 3099*z - 18730. What is f(6)?
-136
Let u(n) = -158*n - 1736. Determine u(-20).
1424
Let r(l) = -2*l**3 + 21*l**2 + 1867*l - 27950. Calculate r(15).
-1970
Let k(z) = z**2 + 63039*z + 2645903. Calculate k(-42).
29
Let d(h) = -4780786*h - 14342341. Calculate d(-3).
17
Let a(v) = -81*v**2 - 22195*v - 268. Calculate a(-274).
6
Let m(p) = 2*p**2 + 1807*p - 30964. Determine m(17).
333
Let m(x) = -31*x**3 + 21*x**2 + 12*x + 7. Determine m(-3).
997
Let s(c) = -478*c + 25353. Determine s(53).
19
Let c(n) = 7*n**3 + 108*n**2 + 733*n - 6. Determine c(-8).
-2542
Let p(g) = -22184*g + 2595518. What is p(117)?
-10
Let u(n) = -77*n**2 - 1539*n - 61. Determine u(-20).
-81
Let k(v) = 12165*v - 109467. Determine k(9).
18
Let r(w) = 2099*w + 18325. Determine r(-8).
1533
Let o(f) = 2050*f + 154005. Determine o(-75).
255
Let b(t) = t**3 + 19*t**2 + 55*t - 88. Calculate b(-12).
260
Let s(j) = 5*j**2 - 683*j - 28931. What is s(-34)?
71
Let n(v) = 12*v**2 - 26*v - 21. Give n(9).
717
Let p(n) = -n**2 - 233*n - 9114. Determine p(-58).
1036
Let h(f) = 1263*f + 23580. Calculate h(-18).
846
Let a(r) = -7*r**2 - 1236*r + 11657. What is a(9)?
-34
Let p(j) = -5*j**3 + 118*j**2 + 259*j + 44. Give p(-2).
38
Let k(c) = 3*c**2 + 113*c - 250. What is k(-43)?
438
Let b(j) = 11*j**2 - 74*j + 148. What is b(5)?
53
Let k(d) = -d**2 + 374*d - 44. What is k(0)?
-44
Let b(h) = h**3 - 74*h**2 + 850*h - 3442. Give b(61).
35
Let i(q) = -143723*q - 87. Determine i(0).
-87
Let u(y) = -2*y**2 + 88*y + 1897. Calculate u(-15).
127
Let x(k) = -13*k**2 - 1106*k - 4476. Calculate x(-4).
-260
Let b(d) = -d**2 - 108*d - 1525. Determine b(-37).
1102
Let u(b) = 6*b**2 - 318*b + 2890. Determine u(12).
-62
Let k(b) = 450*b**2 - 6256*b - 229. Calculate k(14).
387
Let c(q) = 493*q - 130346. Give c(265).
299
Let g(k) = 26*k**3 + 317*k**2 - 190*k + 1082. Determine g(-13).
3
Let a(x) = -9*x**3 - 1162*x**2 - 10831*x - 232. Calculate a(-119).
6
Let l(r) = r**3 - 24*r**2 + 1989*r - 35812. What is l(19)?
174
Let b(y) = -y**3 + 74*y**2 + 195*y + 85. What is b(-2)?
-1
Let y(w) = -w**3 + 3*w**2 + 53*w - 22. Calculate y(11).
-407
Let w(s) = -66*s + 2795. Give w(37).
353
Let f(s) = 1081*s**2 - 28*s + 525. Give f(0).
525
Let m(r) = 344*r - 12177. Give m(36).
207
Let x(n) = -41211*n - 1978119. Determine x(-48).
9
Let x(r) = 33627*r - 201699. What is x(6)?
63
Let s(h) = 2*h**3 - 4233*h**2 - 141869*h - 50. Calculate s(-33).
16
Let b(z) = -z**3 + 16*z**2 + 48*z - 497. What is b(-6)?
7
Let r(d) = 3172*d + 6341. Give r(-2).
-3
Let m(x) = -x**2 + 8351*x + 3877284. Calculate m(-441).
12
Let n(x) = x**2 - 28*x - 4038. What is n(-52)?
122
Let i(r) = -r**2 - 11298*r + 578783. What is i(51)?
-16
Let m(b) = -b**2 + 468*b + 241835. Determine m(779).
-434
Let j(m) = 34*m**2 + 3820*m + 298. Determine j(-112).
-1046
Let i(b) = 29781*b - 116372. Give i(4).
2752
Let w(h) = -856*h - 7825. Calculate w(-9).
-121
Let b(w) = -33*w**3 - 2*w**2 + 7*w - 16. Give b(3).
-904
Let w(b) = 11143*b + 100287. Give w(-9).
0
Let u(i) = -i**3 - 328*i**2 - 6789*